{"id":1394,"date":"2025-05-10T12:55:55","date_gmt":"2025-05-10T10:55:55","guid":{"rendered":"https:\/\/voixducorps.com\/?page_id=1394"},"modified":"2025-05-10T13:08:54","modified_gmt":"2025-05-10T11:08:54","slug":"du-17-au-20-juillet-2025-au-puy-en-velay","status":"publish","type":"page","link":"https:\/\/voixducorps.com\/?page_id=1394","title":{"rendered":"Retraite Grand Cercle de Femmes avec la M\u00e9decine de la Voix"},"content":{"rendered":"\n<div style=\"height:60px\" aria-hidden=\"true\" class=\"wp-block-spacer\"><\/div>\n\n\n\n<blockquote class=\"wp-block-quote is-layout-flow wp-block-quote-is-layout-flow\">\n<p>Du 17 au 20 juillet 2025 \u2013 Au Puy en Velay<\/p>\n<\/blockquote>\n\n\n\n<div style=\"height:31px\" aria-hidden=\"true\" class=\"wp-block-spacer\"><\/div>\n\n\n<div class=\"wp-block-image\">\n<figure class=\"alignright size-large is-resized\"><img decoding=\"async\" src=\"https:\/\/voixducorps.com\/wp-content\/uploads\/2025\/05\/Diseno-sin-titulo-1024x1024.avif\" alt=\"Grand Cercle de Femmes\" class=\"wp-image-1391\" style=\"width:437px;height:auto\"\/><figcaption class=\"wp-element-caption\">Grand Cercle de Femmes<\/figcaption><\/figure>\n<\/div>\n\n\n<p>Natalia Flor &amp; Puja Prema vous invitent \u00e0 un grand cercle de femmes de 4 jours&nbsp;: une c\u00e9l\u00e9bration au c\u0153ur de l\u2019\u00e9t\u00e9, une plong\u00e9e dans la m\u00e9decine de nos voix, soutenue par la pratique musicale, le rythme et la sororit\u00e9. Chants-m\u00e9decine, mantras, d\u00e9couverte des Orixas et des d\u00e9esses du panth\u00e9on indien, travail vocal et corporel, rythme, tambours, et pratique musicale\u2026 port\u00e9s par les \u00e9nergies vibrantes, color\u00e9es et ancr\u00e9es de Puja &amp; Natalia.<\/p>\n\n\n\n<p>D\u2019origine argentine, Natalia d\u00e9die sa vie depuis 20 ans \u00e0 la recherche artistique, spirituelle et vocale, tissant des ponts entre les pratiques ancestrales c\u00e9r\u00e9monielles des peuples autochtones d\u2019Am\u00e9rique du Sud, et la cr\u00e9ation artistique. Voix, geste et expression sont pour elle de puissants outils de connexion \u00e0 soi et aux autres. Puja a pass\u00e9 20 ans \u00e0 voyager, pratiquer et \u00e9tudier l\u2019hindouisme en Inde, recevant des initiations aupr\u00e8s de Ma\u00eetres dans l\u2019Himalaya. Auparavant com\u00e9dienne, sa pratique artistique s\u2019est transform\u00e9e, au contact de ces traditions multis\u00e9culaires, en chant d\u00e9votionnel, un canal de reliance avec le sacr\u00e9.<\/p>\n\n\n\n<p>Elles transmettront avec spontan\u00e9it\u00e9 leur exp\u00e9rience du chemin de la voix au service du sacr\u00e9, et le fruit de leur immersion dans les cultures ancestrales. Un laboratoire entre femmes, \u00e0 la rencontre de la voix de notre \u00e2me, incarn\u00e9e&nbsp;!<\/p>\n\n\n\n<p>Un magnifique g\u00eete nous accueille pour ce travail alchimique, tout pr\u00e8s du Puy en Velay, dans les \u00e9nergies vibrantes du chemin de Compostelle \u2013 entre vallons, rivi\u00e8res et for\u00eats.<\/p>\n\n\n\n<p>AU PROGRAMME&nbsp;:<\/p>\n\n\n\n<ul class=\"wp-block-list\">\n<li>Grands cercles de chants, mantras &amp; chants-m\u00e9decine (tous les jours)<\/li>\n\n\n\n<li>Exploration de chants traditionnels d\u2019Am\u00e9rique du Sud, et les Orixas<\/li>\n\n\n\n<li>Plong\u00e9e dans les \u00e9nergies arch\u00e9typales des d\u00e9esses indiennes<\/li>\n\n\n\n<li>Travail vocal, \u00ab&nbsp;La Voix du Corps&nbsp;\u00bb<\/li>\n\n\n\n<li>Rituels avec les \u00e9l\u00e9ments et la Rose<\/li>\n\n\n\n<li>Ateliers Tambour &amp; rythme<\/li>\n\n\n\n<li>Pratique musicale<\/li>\n\n\n\n<li>M\u00e9decine de la parole (partages de c\u0153ur en sororit\u00e9)<\/li>\n\n\n\n<li>Yin Yoga Chamanique, pratiques m\u00e9ditatives &amp; somatiques<\/li>\n\n\n\n<li>Pranayama, pratiques d\u2019ancrage et de purification<\/li>\n\n\n\n<li>Danse libre et intuitive<\/li>\n\n\n\n<li>Temps libre, nature et rivi\u00e8re<\/li>\n\n\n\n<li>Allegria&nbsp;!<\/li>\n<\/ul>\n\n\n\n<p>Si vous jouez d\u2019un instrument de musique (harmonium, guitare, tambour, ukulele ou autre), vous pouvez l\u2019apporter pour les cercles de chant afin d\u2019accompagner les voix. Des opportunit\u00e9s d\u2019explorer votre pratique musicale, autant&nbsp;dans les pratiques collectives que dans les temps de pause dans la journ\u00e9e, seule ou avec les autres.<\/p>\n\n\n\n<p>Adresse du G\u00eete&nbsp;:<\/p>\n\n\n\n<p>G\u00eete O\u2019Pr\u00e9 des Etoiles<\/p>\n\n\n\n<p>43580 Saint-Privat-d\u2019Allier<\/p>\n\n\n\n<p>(Gare du Puy en Velay la plus proche, \u00e0 25 minutes)<\/p>\n\n\n\n<p>Prix enseignement&nbsp;:<\/p>\n\n\n\n<p>500 euros (dont 100 euros d\u2019arrhes)<\/p>\n\n\n\n<p>(Arrhes \u00e0 verser en ligne \u00e0 la r\u00e9servation. Merci d\u2019apporter le compl\u00e9ment de 400 euros en esp\u00e8ces sur place le premier jour de la retraite)<\/p>\n\n\n\n<p>Prix h\u00e9bergement &amp; repas&nbsp;:<\/p>\n\n\n\n<p>Option 1&nbsp;: 140 euros (chambre avec salle de bains collective)<\/p>\n\n\n\n<p>Option 2&nbsp;: 155 euros (chambre avec salle de bains priv\u00e9e)<\/p>\n\n\n\n<p>Les chambres sont de 2, 3 ou 4 personnes.<\/p>\n\n\n\n<p>Vous pouvez mentionner votre souhait, que nous transmettrons au g\u00eete. Le r\u00e8glement se fera sur place directement aupr\u00e8s du g\u00eete.<\/p>\n\n\n\n<p>TOTAL enseignement + h\u00e9bergement = environ 650 euros (selon votre choix de chambre)<\/p>\n\n\n\n<p>15 personnes maximum<\/p>\n\n\n\n<p>Arriv\u00e9e&nbsp;: le 17\/07 \u00e0 14h&nbsp;<\/p>\n\n\n\n<p>D\u00e9part&nbsp;: le 20\/07 \u00e0 15h (apr\u00e8s le d\u00e9jeuner)<\/p>\n\n\n\n<p><strong>Natalia Magliano<\/strong><\/p>\n\n\n\n<p>Chanteuse, accompagnatrice vocale, musicienne, auteure-compositrice venant d\u2019Argentine.<\/p>\n\n\n\n<p>Dans son approche, la voix, le geste et l\u2019expression sont un outil puissant de connexion \u00e0 soi et aux autres. Un chemin emprunt\u00e9 depuis plus de vingt ans, soutenu par une v\u00e9ritable vocation.<\/p>\n\n\n\n<p>Appel\u00e9e par les pratiques ancestrales qui r\u00e9unit l\u2019art, la spiritualit\u00e9 et des approches contemporaines en p\u00e9dagogie vocale, elle propose un chemin structur\u00e9 qui facilite l\u2019int\u00e9gration de l\u2019apprentissage, l\u2019expression, la cr\u00e9ativit\u00e9 et le bien-\u00eatre.<\/p>\n\n\n\n<p><strong>Puja Prema<\/strong><\/p>\n\n\n\n<p>Chanteuse au service du sacr\u00e9, auteure-compositrice et yogini, Puja transmet par sa voix, son chant et ses textes des vibrations ancestrales qui nous ram\u00e8nent \u00e0 la Maison&#8230; ce lieu en nous o\u00f9 nous nous rappelons de qui nous sommes.<\/p>\n\n\n\n<p>Ayant chemin\u00e9 pendant 20 ans sur les routes spirituelles du monde, notamment aupr\u00e8s d&rsquo;un Ma\u00eetre spirituel de l&rsquo;Himalaya, elle invite chacun par ces chants \u00e0 l&rsquo;unisson en sanskrit, anglais, fran\u00e7ais, espagnol, \u00e0 plonger en soi pour revenir au c\u0153ur. Voyageant \u00e9galement en Am\u00e9rique Centrale et en Asie du Sud-Est, elle aime tisser des ponts entre les spiritualit\u00e9s du monde, par la musique et les enseignements, exp\u00e9rimentant que toutes m\u00e8nent \u00e0 l&rsquo;Un \u00e0 travers des voies multiples.<\/p>\n\n\n\n<p>Nous vous attendons pour un moment f\u00e9minin d&#8217;empowerment et de c\u00e9l\u00e9bration \u00e0 travers la musique et la \u00e9nergie de la r\u00e9union!<\/p>\n\n\n\n<p>Puja et Natalia<\/p>\n","protected":false},"excerpt":{"rendered":"<p>Du 17 au 20 juillet 2025 \u2013 Au Puy en Velay Natalia Flor &amp; Puja Prema vous invitent \u00e0 un grand cercle de femmes de 4 jours&nbsp;: une c\u00e9l\u00e9bration au c\u0153ur de l\u2019\u00e9t\u00e9, une plong\u00e9e dans la m\u00e9decine de nos voix, soutenue par la pratique musicale, le rythme et la sororit\u00e9. Chants-m\u00e9decine, mantras, d\u00e9couverte des Orixas et des d\u00e9esses du panth\u00e9on indien, travail vocal et corporel, rythme, tambours, et pratique musicale\u2026 port\u00e9s par les \u00e9nergies vibrantes, color\u00e9es et ancr\u00e9es de Puja &amp; Natalia. D\u2019origine argentine, Natalia d\u00e9die sa vie depuis 20 ans \u00e0 la recherche artistique, spirituelle et vocale, tissant des ponts entre les pratiques ancestrales c\u00e9r\u00e9monielles des peuples autochtones d\u2019Am\u00e9rique du Sud, et la cr\u00e9ation artistique. Voix, geste et expression sont pour elle de puissants outils de connexion \u00e0 soi et aux autres. Puja a pass\u00e9 20 ans \u00e0 voyager, pratiquer et \u00e9tudier l\u2019hindouisme en Inde, recevant des initiations aupr\u00e8s de Ma\u00eetres dans l\u2019Himalaya. Auparavant com\u00e9dienne, sa pratique artistique s\u2019est transform\u00e9e, au contact de ces traditions multis\u00e9culaires, en chant d\u00e9votionnel, un canal de reliance avec le sacr\u00e9. Elles transmettront avec spontan\u00e9it\u00e9 leur exp\u00e9rience du chemin de la voix au service du sacr\u00e9, et le fruit de leur immersion dans les cultures ancestrales. Un laboratoire entre femmes, \u00e0 la rencontre de la voix de notre \u00e2me, incarn\u00e9e&nbsp;! Un magnifique g\u00eete nous accueille pour ce travail alchimique, tout pr\u00e8s du Puy en Velay, dans les \u00e9nergies vibrantes du chemin de Compostelle \u2013 entre vallons, rivi\u00e8res et for\u00eats. AU PROGRAMME&nbsp;: Si vous jouez d\u2019un instrument de musique (harmonium, guitare, tambour, ukulele ou autre), vous pouvez l\u2019apporter pour les cercles de chant afin d\u2019accompagner les voix. Des opportunit\u00e9s d\u2019explorer votre pratique musicale, autant&nbsp;dans les pratiques collectives que dans les temps de pause dans la journ\u00e9e, seule ou avec les autres. Adresse du G\u00eete&nbsp;: G\u00eete O\u2019Pr\u00e9 des Etoiles 43580 Saint-Privat-d\u2019Allier (Gare du Puy en Velay la plus proche, \u00e0 25 minutes) Prix enseignement&nbsp;: 500 euros (dont 100 euros d\u2019arrhes) (Arrhes \u00e0 verser en ligne \u00e0 la r\u00e9servation. Merci d\u2019apporter le compl\u00e9ment de 400 euros en esp\u00e8ces sur place le premier jour de la retraite) Prix h\u00e9bergement &amp; repas&nbsp;: Option 1&nbsp;: 140 euros (chambre avec salle de bains collective) Option 2&nbsp;: 155 euros (chambre avec salle de bains priv\u00e9e) Les chambres sont de 2, 3 ou 4 personnes. Vous pouvez mentionner votre souhait, que nous transmettrons au g\u00eete. Le r\u00e8glement se fera sur place directement aupr\u00e8s du g\u00eete. TOTAL enseignement + h\u00e9bergement = environ 650 euros (selon votre choix de chambre) 15 personnes maximum Arriv\u00e9e&nbsp;: le 17\/07 \u00e0 14h&nbsp; D\u00e9part&nbsp;: le 20\/07 \u00e0 15h (apr\u00e8s le d\u00e9jeuner) Natalia Magliano Chanteuse, accompagnatrice vocale, musicienne, auteure-compositrice venant d\u2019Argentine. Dans son approche, la voix, le geste et l\u2019expression sont un outil puissant de connexion \u00e0 soi et aux autres. Un chemin emprunt\u00e9 depuis plus de vingt ans, soutenu par une v\u00e9ritable vocation. Appel\u00e9e par les pratiques ancestrales qui r\u00e9unit l\u2019art, la spiritualit\u00e9 et des approches contemporaines en p\u00e9dagogie vocale, elle propose un chemin structur\u00e9 qui facilite l\u2019int\u00e9gration de l\u2019apprentissage, l\u2019expression, la cr\u00e9ativit\u00e9 et le bien-\u00eatre. Puja Prema Chanteuse au service du sacr\u00e9, auteure-compositrice et yogini, Puja transmet par sa voix, son chant et ses textes des vibrations ancestrales qui nous ram\u00e8nent \u00e0 la Maison&#8230; ce lieu en nous o\u00f9 nous nous rappelons de qui nous sommes. Ayant chemin\u00e9 pendant 20 ans sur les routes spirituelles du monde, notamment aupr\u00e8s d&rsquo;un Ma\u00eetre spirituel de l&rsquo;Himalaya, elle invite chacun par ces chants \u00e0 l&rsquo;unisson en sanskrit, anglais, fran\u00e7ais, espagnol, \u00e0 plonger en soi pour revenir au c\u0153ur. Voyageant \u00e9galement en Am\u00e9rique Centrale et en Asie du Sud-Est, elle aime tisser des ponts entre les spiritualit\u00e9s du monde, par la musique et les enseignements, exp\u00e9rimentant que toutes m\u00e8nent \u00e0 l&rsquo;Un \u00e0 travers des voies multiples. Nous vous attendons pour un moment f\u00e9minin d&#8217;empowerment et de c\u00e9l\u00e9bration \u00e0 travers la musique et la \u00e9nergie de la r\u00e9union! Puja et Natalia<\/p>\n","protected":false},"author":1,"featured_media":0,"parent":0,"menu_order":0,"comment_status":"closed","ping_status":"closed","template":"","meta":{"footnotes":""},"class_list":["post-1394","page","type-page","status-publish","hentry"],"_links":{"self":[{"href":"https:\/\/voixducorps.com\/index.php?rest_route=\/wp\/v2\/pages\/1394","targetHints":{"allow":["GET"]}}],"collection":[{"href":"https:\/\/voixducorps.com\/index.php?rest_route=\/wp\/v2\/pages"}],"about":[{"href":"https:\/\/voixducorps.com\/index.php?rest_route=\/wp\/v2\/types\/page"}],"author":[{"embeddable":true,"href":"https:\/\/voixducorps.com\/index.php?rest_route=\/wp\/v2\/users\/1"}],"replies":[{"embeddable":true,"href":"https:\/\/voixducorps.com\/index.php?rest_route=%2Fwp%2Fv2%2Fcomments&post=1394"}],"version-history":[{"count":9,"href":"https:\/\/voixducorps.com\/index.php?rest_route=\/wp\/v2\/pages\/1394\/revisions"}],"predecessor-version":[{"id":1405,"href":"https:\/\/voixducorps.com\/index.php?rest_route=\/wp\/v2\/pages\/1394\/revisions\/1405"}],"wp:attachment":[{"href":"https:\/\/voixducorps.com\/index.php?rest_route=%2Fwp%2Fv2%2Fmedia&parent=1394"}],"curies":[{"name":"wp","href":"https:\/\/api.w.org\/{rel}","templated":true}]}}