{"id":171,"date":"2024-09-10T14:04:25","date_gmt":"2024-09-10T12:04:25","guid":{"rendered":"https:\/\/voixducorps.com\/?page_id=171"},"modified":"2025-10-06T18:44:48","modified_gmt":"2025-10-06T16:44:48","slug":"celebra-y-canta","status":"publish","type":"page","link":"https:\/\/voixducorps.com\/?page_id=171","title":{"rendered":"Celebra y Canta &#8211; Cercle de chants m\u00e9decine \u00e0 Lyon"},"content":{"rendered":"\n<blockquote class=\"wp-block-quote is-layout-flow wp-block-quote-is-layout-flow\">\n<p>Une exp\u00e9rience musicale collective, un cercle de chant en mouvement, un moment pour c\u00e9l\u00e9brer ensemble.<\/p>\n<\/blockquote>\n\n\n\n<p><strong>PROCHAINE DATE :<\/strong><\/p>\n\n\n\n<div style=\"height:30px\" aria-hidden=\"true\" class=\"wp-block-spacer\"><\/div>\n\n\n\n<ul class=\"wp-block-list\">\n<li>Le 5 juillet 2025  <\/li>\n<\/ul>\n\n\n\n<div style=\"height:30px\" aria-hidden=\"true\" class=\"wp-block-spacer\"><\/div>\n\n\n\n<p>Avec l&rsquo;\u00e9nergie de l&rsquo;\u00e9t\u00e9, la fin de cycle, le d\u00e9gagement et le plaisir de s\u2019exprimer avec ses propres couleurs,  je vous propose un dernier rencontre avant la rentr\u00e9e. <\/p>\n\n\n\n<p>Accompagn\u00e9e par ANCESTRA, groupe en formation en VOIX M\u00c9DECINE.<\/p>\n\n\n<div class=\"wp-block-image\">\n<figure class=\"alignleft size-large is-resized\"><img decoding=\"async\" src=\"https:\/\/voixducorps.com\/wp-content\/uploads\/2025\/06\/Celebra-y-Canta-Post-insta-819x1024.avif\" alt=\"Celebra y Canta\nCercle de chants m\u00e9decine\" class=\"wp-image-1428\" style=\"width:443px;height:auto\"\/><figcaption class=\"wp-element-caption\">Natalia Magliano<\/figcaption><\/figure>\n<\/div>\n\n\n<h5 class=\"wp-block-heading\">Dates pass\u00e9es:<\/h5>\n\n\n\n<ul class=\"wp-block-list\">\n<li>Le 19 septembre 2024<\/li>\n\n\n\n<li>Le 17 octobre 2024<\/li>\n\n\n\n<li>Le 14 novembre 2024<\/li>\n\n\n\n<li>Le 19 d\u00e9cembre 2024<\/li>\n\n\n\n<li>Le 1 f\u00e9vrier 2025<\/li>\n\n\n\n<li>Le 8 mars 2025<\/li>\n\n\n\n<li>Le 12 avril 2025<\/li>\n<\/ul>\n\n\n\n<div style=\"height:39px\" aria-hidden=\"true\" class=\"wp-block-spacer\"><\/div>\n\n\n\n<p>Un espace bienveillant ouvert \u00e0 toutes et \u00e0 tous chanteurs et non chanteurs pour une exp\u00e9rience joyeuse et collective dont le fil de la voix sert \u00e0 tisser le lien de l&rsquo;\u00eatre et sonner ensemble.<\/p>\n\n\n\n<p><br>Un fois par moi, (ou \u00e0 peux pr\u00e8s) de 19h00 \u00e0 21h00<br>Rejoignez nous dans un cercle de c\u00e9l\u00e9bration \u00e0 travers la voix, le mouvement , les chants m\u00e9decine et le chant intuitif pour vivre ensemble une nouvelle forme de f\u00eate chant\u00e9e.<\/p>\n\n\n\n<p><\/p>\n\n\n\n<p>On vous attends dans <a href=\"https:\/\/www.le-6b.fr\/\" target=\"_blank\" rel=\"noreferrer noopener\">Le 6B Tiers-lieu<\/a> un lieu nouveau \u00e0 Lyon, soign\u00e9, original et inspirant. <\/p>\n\n\n\n<p>Une pr\u00e9inscription de 10 \u20ac pour r\u00e9server votre place est demandez, en cliquant en bas de page, ensuite sur place une donation libre et consciente pour compl\u00e9ter votre participation sera attendu.<\/p>\n\n\n\n<p>Ce type de proposition ont une valeur d&rsquo;entre 25 et 50 \u20ac. N&rsquo;h\u00e9sitez pas \u00e0 collaborer depuis votre c\u0153ur, le tarif volontaire sers \u00e0 que tout personne ayant ou pas de l&rsquo;argent puis participer, votre bon volont\u00e9 sers \u00e0 pouvoir assurer la continuit\u00e9 de ce \u00e9v\u00e8nement.<\/p>\n\n\n\n<p>Merci,<\/p>\n\n\n\n<p>Natalia Magliano<\/p>\n\n\n\n<div style=\"height:27px\" aria-hidden=\"true\" class=\"wp-block-spacer\"><\/div>\n\n\n\n<p>Tarif: 10 \u20ac + donation libre et consciente.<\/p>\n\n\n<p><script async\n  src=\"https:\/\/js.stripe.com\/v3\/buy-button.js\">\n<\/script><\/p>\n<p><stripe-buy-button\n  buy-button-id=\"buy_btn_1Q9ZcwG4HmNc0HTpjoMbKK23\"\n  publishable-key=\"pk_live_51Q8htCG4HmNc0HTpUHGnvynRZRIeMkCVhsVspuuidv5FwpZvoF0LO42YfaMyBUc1DMNfCRs0Kg6pW1Ji1P61Pwrz00k4UQ1Awt\"\n><br \/>\n<\/stripe-buy-button><\/p>\n\n\n\n<p>En suite \u00e0 votre r\u00e9servation de place, \u00e9crivez un mail avec vos coordonn\u00e9es (pr\u00e9nom, t\u00e9l\u00e9phone) pour notifier de votre participation et recevoir les derniers d\u00e9tailles par mail \u00e0:<\/p>\n\n\n\n<div class=\"wp-block-contact-form-7-contact-form-selector\">\n<div class=\"wpcf7 no-js\" id=\"wpcf7-f971-o1\" lang=\"fr-FR\" dir=\"ltr\" data-wpcf7-id=\"971\">\n<div class=\"screen-reader-response\"><p role=\"status\" aria-live=\"polite\" aria-atomic=\"true\"><\/p> <ul><\/ul><\/div>\n<form action=\"\/index.php?rest_route=%2Fwp%2Fv2%2Fpages%2F171#wpcf7-f971-o1\" method=\"post\" class=\"wpcf7-form init\" aria-label=\"Formulaire de contact\" novalidate=\"novalidate\" data-status=\"init\">\n<fieldset class=\"hidden-fields-container\"><input type=\"hidden\" name=\"_wpcf7\" value=\"971\" \/><input type=\"hidden\" name=\"_wpcf7_version\" value=\"6.1.5\" \/><input type=\"hidden\" name=\"_wpcf7_locale\" value=\"fr_FR\" \/><input type=\"hidden\" name=\"_wpcf7_unit_tag\" value=\"wpcf7-f971-o1\" \/><input type=\"hidden\" name=\"_wpcf7_container_post\" value=\"0\" \/><input type=\"hidden\" name=\"_wpcf7_posted_data_hash\" value=\"\" \/>\n<\/fieldset>\n<p><label> Votre nom<br \/>\n<span class=\"wpcf7-form-control-wrap\" data-name=\"your-name\"><input size=\"40\" maxlength=\"400\" class=\"wpcf7-form-control wpcf7-text wpcf7-validates-as-required\" autocomplete=\"name\" aria-required=\"true\" aria-invalid=\"false\" value=\"\" type=\"text\" name=\"your-name\" \/><\/span> <\/label>\n<\/p>\n<p><label> Votre e-mail<br \/>\n<span class=\"wpcf7-form-control-wrap\" data-name=\"your-email\"><input size=\"40\" maxlength=\"400\" class=\"wpcf7-form-control wpcf7-email wpcf7-validates-as-required wpcf7-text wpcf7-validates-as-email\" autocomplete=\"email\" aria-required=\"true\" aria-invalid=\"false\" value=\"\" type=\"email\" name=\"your-email\" \/><\/span> <\/label>\n<\/p>\n<p><label> Votre t\u00e9l\u00e9phone<br \/>\n<span class=\"wpcf7-form-control-wrap\" data-name=\"tel-620\"><input size=\"40\" maxlength=\"400\" class=\"wpcf7-form-control wpcf7-tel wpcf7-validates-as-required wpcf7-text wpcf7-validates-as-tel\" aria-required=\"true\" aria-invalid=\"false\" value=\"\" type=\"tel\" name=\"tel-620\" \/><\/span> <\/label>\n<\/p>\n<p><label> Objet<br \/>\n[Contact Celebra y Canta Lyon - Cercle de chants m\u00e9decine] <\/label>\n<\/p>\n<p><label> Votre message<br \/>\n<span class=\"wpcf7-form-control-wrap\" data-name=\"your-message\"><textarea cols=\"40\" rows=\"10\" maxlength=\"2000\" class=\"wpcf7-form-control wpcf7-textarea wpcf7-validates-as-required\" aria-required=\"true\" aria-invalid=\"false\" name=\"your-message\"><\/textarea><\/span> <\/label>\n<\/p>\n<p><input class=\"wpcf7-form-control wpcf7-submit has-spinner\" type=\"submit\" value=\"Envoyer\" \/>\n<\/p><div class=\"wpcf7-response-output\" aria-hidden=\"true\"><\/div>\n<\/form>\n<\/div>\n<\/div>\n\n\n\n<p>Nous vous attendons avec le c\u0153ur plein de musique!<\/p>\n\n\n\n<p><\/p>\n\n\n\n<iframe src=\"https:\/\/www.google.com\/maps\/embed?pb=!1m18!1m12!1m3!1d3330.924296409796!2d4.829455276642369!3d45.758696413740736!2m3!1f0!2f0!3f0!3m2!1i1024!2i768!4f13.1!3m3!1m2!1s0x47f4eb1dfee2a61b%3A0xbd27ae4b9676d5aa!2sLe%206B!5e1!3m2!1sfr!2sfr!4v1725969801431!5m2!1sfr!2sfr\" width=\"600\" height=\"450\" style=\"border:0;\" allowfullscreen=\"\" loading=\"lazy\" referrerpolicy=\"no-referrer-when-downgrade\"><\/iframe>\n\n\n\n<div class=\"wp-block-buttons is-layout-flex wp-block-buttons-is-layout-flex\"><\/div>\n\n\n\n<p><\/p>\n","protected":false},"excerpt":{"rendered":"<p>Une exp\u00e9rience musicale collective, un cercle de chant en mouvement, un moment pour c\u00e9l\u00e9brer ensemble. PROCHAINE DATE : Avec l&rsquo;\u00e9nergie de l&rsquo;\u00e9t\u00e9, la fin de cycle, le d\u00e9gagement et le plaisir de s\u2019exprimer avec ses propres couleurs, je vous propose un dernier rencontre avant la rentr\u00e9e. Accompagn\u00e9e par ANCESTRA, groupe en formation en VOIX M\u00c9DECINE. Dates pass\u00e9es: Un espace bienveillant ouvert \u00e0 toutes et \u00e0 tous chanteurs et non chanteurs pour une exp\u00e9rience joyeuse et collective dont le fil de la voix sert \u00e0 tisser le lien de l&rsquo;\u00eatre et sonner ensemble. Un fois par moi, (ou \u00e0 peux pr\u00e8s) de 19h00 \u00e0 21h00Rejoignez nous dans un cercle de c\u00e9l\u00e9bration \u00e0 travers la voix, le mouvement , les chants m\u00e9decine et le chant intuitif pour vivre ensemble une nouvelle forme de f\u00eate chant\u00e9e. On vous attends dans Le 6B Tiers-lieu un lieu nouveau \u00e0 Lyon, soign\u00e9, original et inspirant. Une pr\u00e9inscription de 10 \u20ac pour r\u00e9server votre place est demandez, en cliquant en bas de page, ensuite sur place une donation libre et consciente pour compl\u00e9ter votre participation sera attendu. Ce type de proposition ont une valeur d&rsquo;entre 25 et 50 \u20ac. N&rsquo;h\u00e9sitez pas \u00e0 collaborer depuis votre c\u0153ur, le tarif volontaire sers \u00e0 que tout personne ayant ou pas de l&rsquo;argent puis participer, votre bon volont\u00e9 sers \u00e0 pouvoir assurer la continuit\u00e9 de ce \u00e9v\u00e8nement. Merci, Natalia Magliano Tarif: 10 \u20ac + donation libre et consciente. En suite \u00e0 votre r\u00e9servation de place, \u00e9crivez un mail avec vos coordonn\u00e9es (pr\u00e9nom, t\u00e9l\u00e9phone) pour notifier de votre participation et recevoir les derniers d\u00e9tailles par mail \u00e0: Nous vous attendons avec le c\u0153ur plein de musique!<\/p>\n","protected":false},"author":1,"featured_media":0,"parent":0,"menu_order":0,"comment_status":"closed","ping_status":"closed","template":"","meta":{"footnotes":""},"class_list":["post-171","page","type-page","status-publish","hentry"],"_links":{"self":[{"href":"https:\/\/voixducorps.com\/index.php?rest_route=\/wp\/v2\/pages\/171","targetHints":{"allow":["GET"]}}],"collection":[{"href":"https:\/\/voixducorps.com\/index.php?rest_route=\/wp\/v2\/pages"}],"about":[{"href":"https:\/\/voixducorps.com\/index.php?rest_route=\/wp\/v2\/types\/page"}],"author":[{"embeddable":true,"href":"https:\/\/voixducorps.com\/index.php?rest_route=\/wp\/v2\/users\/1"}],"replies":[{"embeddable":true,"href":"https:\/\/voixducorps.com\/index.php?rest_route=%2Fwp%2Fv2%2Fcomments&post=171"}],"version-history":[{"count":74,"href":"https:\/\/voixducorps.com\/index.php?rest_route=\/wp\/v2\/pages\/171\/revisions"}],"predecessor-version":[{"id":1779,"href":"https:\/\/voixducorps.com\/index.php?rest_route=\/wp\/v2\/pages\/171\/revisions\/1779"}],"wp:attachment":[{"href":"https:\/\/voixducorps.com\/index.php?rest_route=%2Fwp%2Fv2%2Fmedia&parent=171"}],"curies":[{"name":"wp","href":"https:\/\/api.w.org\/{rel}","templated":true}]}}

Celebra y Canta &#8211; Cercle de chants médecine à Lyon

<blockquote class="wp-block-quote is-layout-flow wp-block-quote-is-layout-flow">
<p>Une expérience musicale collective, un cercle de chant en mouvement, un moment pour célébrer ensemble.</p>
</blockquote>



<p><strong>PROCHAINE DATE :</strong></p>



<div style="height:30px" aria-hidden="true" class="wp-block-spacer"></div>



<ul class="wp-block-list">
<li>Le 5 juillet 2025  </li>
</ul>



<div style="height:30px" aria-hidden="true" class="wp-block-spacer"></div>



<p>Avec l&rsquo;énergie de l&rsquo;été, la fin de cycle, le dégagement et le plaisir de s’exprimer avec ses propres couleurs,  je vous propose un dernier rencontre avant la rentrée. </p>



<p>Accompagnée par ANCESTRA, groupe en formation en VOIX MÉDECINE.</p>


<div class="wp-block-image">
<figure class="alignleft size-large is-resized"><img decoding="async" src="https://voixducorps.com/wp-content/uploads/2025/06/Celebra-y-Canta-Post-insta-819x1024.avif" alt="Celebra y Canta
Cercle de chants médecine" class="wp-image-1428" style="width:443px;height:auto"/><figcaption class="wp-element-caption">Natalia Magliano</figcaption></figure>
</div>


<h5 class="wp-block-heading">Dates passées:</h5>



<ul class="wp-block-list">
<li>Le 19 septembre 2024</li>



<li>Le 17 octobre 2024</li>



<li>Le 14 novembre 2024</li>



<li>Le 19 décembre 2024</li>



<li>Le 1 février 2025</li>



<li>Le 8 mars 2025</li>



<li>Le 12 avril 2025</li>
</ul>



<div style="height:39px" aria-hidden="true" class="wp-block-spacer"></div>



<p>Un espace bienveillant ouvert à toutes et à tous chanteurs et non chanteurs pour une expérience joyeuse et collective dont le fil de la voix sert à tisser le lien de l&rsquo;être et sonner ensemble.</p>



<p><br>Un fois par moi, (ou à peux près) de 19h00 à 21h00<br>Rejoignez nous dans un cercle de célébration à travers la voix, le mouvement , les chants médecine et le chant intuitif pour vivre ensemble une nouvelle forme de fête chantée.</p>



<p></p>



<p>On vous attends dans <a href="https://www.le-6b.fr/" target="_blank" rel="noreferrer noopener">Le 6B Tiers-lieu</a> un lieu nouveau à Lyon, soigné, original et inspirant. </p>



<p>Une préinscription de 10 € pour réserver votre place est demandez, en cliquant en bas de page, ensuite sur place une donation libre et consciente pour compléter votre participation sera attendu.</p>



<p>Ce type de proposition ont une valeur d&rsquo;entre 25 et 50 €. N&rsquo;hésitez pas à collaborer depuis votre cœur, le tarif volontaire sers à que tout personne ayant ou pas de l&rsquo;argent puis participer, votre bon volonté sers à pouvoir assurer la continuité de ce évènement.</p>



<p>Merci,</p>



<p>Natalia Magliano</p>



<div style="height:27px" aria-hidden="true" class="wp-block-spacer"></div>



<p>Tarif: 10 € + donation libre et consciente.</p>


<p><script async
  src="https://js.stripe.com/v3/buy-button.js">
</script></p>
<p><stripe-buy-button
  buy-button-id="buy_btn_1Q9ZcwG4HmNc0HTpjoMbKK23"
  publishable-key="pk_live_51Q8htCG4HmNc0HTpUHGnvynRZRIeMkCVhsVspuuidv5FwpZvoF0LO42YfaMyBUc1DMNfCRs0Kg6pW1Ji1P61Pwrz00k4UQ1Awt"
><br />
</stripe-buy-button></p>



<p>En suite à votre réservation de place, écrivez un mail avec vos coordonnées (prénom, téléphone) pour notifier de votre participation et recevoir les derniers détailles par mail à:</p>



<div class="wp-block-contact-form-7-contact-form-selector">
<div class="wpcf7 no-js" id="wpcf7-f971-o1" lang="fr-FR" dir="ltr" data-wpcf7-id="971">
<div class="screen-reader-response"><p role="status" aria-live="polite" aria-atomic="true"></p> <ul></ul></div>
<form action="/index.php?rest_route=%2Fwp%2Fv2%2Fpages%2F171#wpcf7-f971-o1" method="post" class="wpcf7-form init" aria-label="Formulaire de contact" novalidate="novalidate" data-status="init">
<fieldset class="hidden-fields-container"><input type="hidden" name="_wpcf7" value="971" /><input type="hidden" name="_wpcf7_version" value="6.1.5" /><input type="hidden" name="_wpcf7_locale" value="fr_FR" /><input type="hidden" name="_wpcf7_unit_tag" value="wpcf7-f971-o1" /><input type="hidden" name="_wpcf7_container_post" value="0" /><input type="hidden" name="_wpcf7_posted_data_hash" value="" />
</fieldset>
<p><label> Votre nom<br />
<span class="wpcf7-form-control-wrap" data-name="your-name"><input size="40" maxlength="400" class="wpcf7-form-control wpcf7-text wpcf7-validates-as-required" autocomplete="name" aria-required="true" aria-invalid="false" value="" type="text" name="your-name" /></span> </label>
</p>
<p><label> Votre e-mail<br />
<span class="wpcf7-form-control-wrap" data-name="your-email"><input size="40" maxlength="400" class="wpcf7-form-control wpcf7-email wpcf7-validates-as-required wpcf7-text wpcf7-validates-as-email" autocomplete="email" aria-required="true" aria-invalid="false" value="" type="email" name="your-email" /></span> </label>
</p>
<p><label> Votre téléphone<br />
<span class="wpcf7-form-control-wrap" data-name="tel-620"><input size="40" maxlength="400" class="wpcf7-form-control wpcf7-tel wpcf7-validates-as-required wpcf7-text wpcf7-validates-as-tel" aria-required="true" aria-invalid="false" value="" type="tel" name="tel-620" /></span> </label>
</p>
<p><label> Objet<br />
[Contact Celebra y Canta Lyon - Cercle de chants médecine] </label>
</p>
<p><label> Votre message<br />
<span class="wpcf7-form-control-wrap" data-name="your-message"><textarea cols="40" rows="10" maxlength="2000" class="wpcf7-form-control wpcf7-textarea wpcf7-validates-as-required" aria-required="true" aria-invalid="false" name="your-message"></textarea></span> </label>
</p>
<p><input class="wpcf7-form-control wpcf7-submit has-spinner" type="submit" value="Envoyer" />
</p><div class="wpcf7-response-output" aria-hidden="true"></div>
</form>
</div>
</div>



<p>Nous vous attendons avec le cœur plein de musique!</p>



<p></p>



<iframe src="https://www.google.com/maps/embed?pb=!1m18!1m12!1m3!1d3330.924296409796!2d4.829455276642369!3d45.758696413740736!2m3!1f0!2f0!3f0!3m2!1i1024!2i768!4f13.1!3m3!1m2!1s0x47f4eb1dfee2a61b%3A0xbd27ae4b9676d5aa!2sLe%206B!5e1!3m2!1sfr!2sfr!4v1725969801431!5m2!1sfr!2sfr" width="600" height="450" style="border:0;" allowfullscreen="" loading="lazy" referrerpolicy="no-referrer-when-downgrade"></iframe>



<div class="wp-block-buttons is-layout-flex wp-block-buttons-is-layout-flex"></div>



<p></p>

<p>Une expérience musicale collective, un cercle de chant en mouvement, un moment pour célébrer ensemble. PROCHAINE DATE : Avec l&rsquo;énergie de l&rsquo;été, la fin de cycle, le dégagement et le plaisir de s’exprimer avec ses propres couleurs, je vous propose un dernier rencontre avant la rentrée. Accompagnée par ANCESTRA, groupe en formation en VOIX MÉDECINE. Dates passées: Un espace bienveillant ouvert à toutes et à tous chanteurs et non chanteurs pour une expérience joyeuse et collective dont le fil de la voix sert à tisser le lien de l&rsquo;être et sonner ensemble. Un fois par moi, (ou à peux près) de 19h00 à 21h00Rejoignez nous dans un cercle de célébration à travers la voix, le mouvement , les chants médecine et le chant intuitif pour vivre ensemble une nouvelle forme de fête chantée. On vous attends dans Le 6B Tiers-lieu un lieu nouveau à Lyon, soigné, original et inspirant. Une préinscription de 10 € pour réserver votre place est demandez, en cliquant en bas de page, ensuite sur place une donation libre et consciente pour compléter votre participation sera attendu. Ce type de proposition ont une valeur d&rsquo;entre 25 et 50 €. N&rsquo;hésitez pas à collaborer depuis votre cœur, le tarif volontaire sers à que tout personne ayant ou pas de l&rsquo;argent puis participer, votre bon volonté sers à pouvoir assurer la continuité de ce évènement. Merci, Natalia Magliano Tarif: 10 € + donation libre et consciente. En suite à votre réservation de place, écrivez un mail avec vos coordonnées (prénom, téléphone) pour notifier de votre participation et recevoir les derniers détailles par mail à: Nous vous attendons avec le cœur plein de musique!</p>
