{"id":2017,"date":"2025-11-24T18:46:19","date_gmt":"2025-11-24T17:46:19","guid":{"rendered":"https:\/\/voixducorps.com\/?page_id=2017"},"modified":"2025-12-04T01:03:38","modified_gmt":"2025-12-04T00:03:38","slug":"atelier-la-voix-medecine","status":"publish","type":"page","link":"https:\/\/voixducorps.com\/?page_id=2017","title":{"rendered":"Atelier La Voix M\u00e9decine"},"content":{"rendered":"\n<h5 class=\"wp-block-heading has-text-align-center\">Coaching individuel &amp; Exp\u00e9rience collective<\/h5>\n\n\n\n<div style=\"height:30px\" aria-hidden=\"true\" class=\"wp-block-spacer\"><\/div>\n\n\n<div class=\"wp-block-image\">\n<figure class=\"aligncenter size-full is-resized\"><img data-dominant-color=\"6d2e2d\" data-has-transparency=\"false\" loading=\"lazy\" decoding=\"async\" width=\"1920\" height=\"1080\" sizes=\"auto, (max-width: 1920px) 100vw, 1920px\" src=\"https:\/\/voixducorps.com\/wp-content\/uploads\/2025\/11\/La-Voix-Medecine-Post-de-Instagram-34-1920-x-1080-px.jpg\" alt=\"\" class=\"wp-image-2051 not-transparent\" style=\"--dominant-color: #6d2e2d; width:723px;height:auto\"\/><\/figure>\n<\/div>\n\n\n<div style=\"height:30px\" aria-hidden=\"true\" class=\"wp-block-spacer\"><\/div>\n\n\n\n<p class=\"has-text-align-center\"><strong>Un moment de ressourcement gr\u00e2ce \u00e0 la puissance b\u00e9n\u00e9fique de notre voix.<\/strong><\/p>\n\n\n\n<div style=\"height:30px\" aria-hidden=\"true\" class=\"wp-block-spacer\"><\/div>\n\n\n\n<p><strong>Le samedi 6 d\u00e9cembre de 13h30 \u00e0 18h00<\/strong><\/p>\n\n\n\n<p>L\u2019approche VOIX M\u00e9decine dont l\u2019art somatique et subtil ainsi que la connaissance physiologique de la voix proposent un voyage direct pour explorer le potentiel \u00e9nerg\u00e9tique de la voix ainsi que la dimension th\u00e9rapeutique.<\/p>\n\n\n\n<p>Un travail de mini-coachings individuels pour d\u00e9bloquer l\u2019entrave de votre libert\u00e9 vocale ainsi qu\u2019un soutien collectif bienveillant qui ouvre l\u2019espace r\u00e9parateur de sonner ensemble dans une m\u00eame vibration.<\/p>\n\n\n\n<div style=\"height:30px\" aria-hidden=\"true\" class=\"wp-block-spacer\"><\/div>\n\n\n\n<p><strong>Ce stage est fait pour vous si :<\/strong><\/p>\n\n\n\n<p>-Vous souhaitez am\u00e9liorer votre geste vocale autrement avec l\u2019accompagnement d\u2019une sp\u00e9cialiste dans la technique vocale et fondatrice de La Voix M\u00e9decine en France.<\/p>\n\n\n\n<p>-Vous souhaitez d\u00e9couvrir les bienfaits de la voix sur le corps et le syst\u00e8me nerveux.<\/p>\n\n\n\n<p>-Vous cherchez un moment pour vous ressourcer et vous reconnecter \u00e0 vous-m\u00eame gr\u00e2ce au travail de la vibration.<\/p>\n\n\n\n<p>-Vous cherchez un moment pour \u00eatre en communaut\u00e9 et chanter ensemble.<\/p>\n\n\n\n<div style=\"height:30px\" aria-hidden=\"true\" class=\"wp-block-spacer\"><\/div>\n\n\n\n<p><strong>Nous allons explorer:<\/strong><\/p>\n\n\n\n<p>-Un r\u00e9pertoire des chants m\u00e9decine d\u2019Am\u00e9rique latine<\/p>\n\n\n\n<p>-Un travail de vibration et contact, le son comme un espace r\u00e9parateur<\/p>\n\n\n\n<p>-Des techniques vocales pour lib\u00e9rer votre voix authentique<\/p>\n\n\n\n<p>-Dynamiques de cercle, chant improvis\u00e9 et intuitif pour se broncher \u00e0 la source cr\u00e9ative<\/p>\n\n\n\n<p>La voix et l\u2019expression comme un arme pour lutter contre la tristesse, l\u2019ennui et la manque de sens, car quand on chant les pens\u00e9es n\u00e9gatifs s\u2019\u00e9loignent et une recentrement profond se mets en place.<\/p>\n\n\n\n<p>Cette journ\u00e9e est d\u00e9di\u00e9 \u00e0 un public adulte, ouvert \u00e0 d\u00e9couvrir sa voix m\u00e9decine dans une contexte de la voix comme un reflet de notre esprit ou \u00e9tat d\u2019esprit.<\/p>\n\n\n\n<p>Cet atelier se distingue par sa formule riche et \u00e9quilibr\u00e9e :<br><br>1. L&rsquo;\u00c9nergie du Cercle (Groupe) : Pendant le temps collectif, nous explorerons les bases de la vibration sonore et un travail d\u2019ancrage, nous apprenons un ou deux chants m\u00e9decine.<\/p>\n\n\n\n<p>Cet atelier se distingue par sa formule riche et \u00e9quilibr\u00e9e :<br><br>1. L&rsquo;\u00c9nergie du Cercle (Groupe) : Pendant le temps collectif, nous explorerons les bases de la vibration sonore et un travail d\u2019ancrage, nous apprenons un ou deux chants m\u00e9decine.<\/p>\n\n\n\n<p>Si vous souhaitez me contacter pour savoir si le programme vous conviens faites moi un message par <a href=\"https:\/\/voixducorps.com\/?page_id=632\">mail<\/a> ou en commentaires soi avant de vous inscrire ou apr\u00e8s pour notifier de votre pr\u00e9sence et recevoir un mail avec l\u2019adresse compl\u00e8te du lieu.<\/p>\n\n\n\n<p><strong>Tarif : 60 \u20ac<\/strong><\/p>\n\n\n<p><script async\n  src=\"https:\/\/js.stripe.com\/v3\/buy-button.js\">\n<\/script><\/p>\n<p><stripe-buy-button\n  buy-button-id=\"buy_btn_1SX3n7G4HmNc0HTpHzVDui67\"\n  publishable-key=\"pk_live_51Q8htCG4HmNc0HTpUHGnvynRZRIeMkCVhsVspuuidv5FwpZvoF0LO42YfaMyBUc1DMNfCRs0Kg6pW1Ji1P61Pwrz00k4UQ1Awt\"\n><br \/>\n<\/stripe-buy-button><\/p>\n\n\n\n<p class=\"has-text-align-center\">Je vous attends le c\u0153ur ouvert et r\u00e9sonnant!<\/p>\n\n\n\n<p class=\"has-text-align-center\">Natalia<\/p>\n","protected":false},"excerpt":{"rendered":"<p>Coaching individuel &amp; Exp\u00e9rience collective Un moment de ressourcement gr\u00e2ce \u00e0 la puissance b\u00e9n\u00e9fique de notre voix. Le samedi 6 d\u00e9cembre de 13h30 \u00e0 18h00 L\u2019approche VOIX M\u00e9decine dont l\u2019art somatique et subtil ainsi que la connaissance physiologique de la voix proposent un voyage direct pour explorer le potentiel \u00e9nerg\u00e9tique de la voix ainsi que la dimension th\u00e9rapeutique. Un travail de mini-coachings individuels pour d\u00e9bloquer l\u2019entrave de votre libert\u00e9 vocale ainsi qu\u2019un soutien collectif bienveillant qui ouvre l\u2019espace r\u00e9parateur de sonner ensemble dans une m\u00eame vibration. Ce stage est fait pour vous si : -Vous souhaitez am\u00e9liorer votre geste vocale autrement avec l\u2019accompagnement d\u2019une sp\u00e9cialiste dans la technique vocale et fondatrice de La Voix M\u00e9decine en France. -Vous souhaitez d\u00e9couvrir les bienfaits de la voix sur le corps et le syst\u00e8me nerveux. -Vous cherchez un moment pour vous ressourcer et vous reconnecter \u00e0 vous-m\u00eame gr\u00e2ce au travail de la vibration. -Vous cherchez un moment pour \u00eatre en communaut\u00e9 et chanter ensemble. Nous allons explorer: -Un r\u00e9pertoire des chants m\u00e9decine d\u2019Am\u00e9rique latine -Un travail de vibration et contact, le son comme un espace r\u00e9parateur -Des techniques vocales pour lib\u00e9rer votre voix authentique -Dynamiques de cercle, chant improvis\u00e9 et intuitif pour se broncher \u00e0 la source cr\u00e9ative La voix et l\u2019expression comme un arme pour lutter contre la tristesse, l\u2019ennui et la manque de sens, car quand on chant les pens\u00e9es n\u00e9gatifs s\u2019\u00e9loignent et une recentrement profond se mets en place. Cette journ\u00e9e est d\u00e9di\u00e9 \u00e0 un public adulte, ouvert \u00e0 d\u00e9couvrir sa voix m\u00e9decine dans une contexte de la voix comme un reflet de notre esprit ou \u00e9tat d\u2019esprit. Cet atelier se distingue par sa formule riche et \u00e9quilibr\u00e9e : 1. L&rsquo;\u00c9nergie du Cercle (Groupe) : Pendant le temps collectif, nous explorerons les bases de la vibration sonore et un travail d\u2019ancrage, nous apprenons un ou deux chants m\u00e9decine. Cet atelier se distingue par sa formule riche et \u00e9quilibr\u00e9e : 1. L&rsquo;\u00c9nergie du Cercle (Groupe) : Pendant le temps collectif, nous explorerons les bases de la vibration sonore et un travail d\u2019ancrage, nous apprenons un ou deux chants m\u00e9decine. Si vous souhaitez me contacter pour savoir si le programme vous conviens faites moi un message par mail ou en commentaires soi avant de vous inscrire ou apr\u00e8s pour notifier de votre pr\u00e9sence et recevoir un mail avec l\u2019adresse compl\u00e8te du lieu. Tarif : 60 \u20ac Je vous attends le c\u0153ur ouvert et r\u00e9sonnant! Natalia<\/p>\n","protected":false},"author":2,"featured_media":0,"parent":0,"menu_order":0,"comment_status":"closed","ping_status":"closed","template":"","meta":{"footnotes":""},"class_list":["post-2017","page","type-page","status-publish","hentry"],"_links":{"self":[{"href":"https:\/\/voixducorps.com\/index.php?rest_route=\/wp\/v2\/pages\/2017","targetHints":{"allow":["GET"]}}],"collection":[{"href":"https:\/\/voixducorps.com\/index.php?rest_route=\/wp\/v2\/pages"}],"about":[{"href":"https:\/\/voixducorps.com\/index.php?rest_route=\/wp\/v2\/types\/page"}],"author":[{"embeddable":true,"href":"https:\/\/voixducorps.com\/index.php?rest_route=\/wp\/v2\/users\/2"}],"replies":[{"embeddable":true,"href":"https:\/\/voixducorps.com\/index.php?rest_route=%2Fwp%2Fv2%2Fcomments&post=2017"}],"version-history":[{"count":15,"href":"https:\/\/voixducorps.com\/index.php?rest_route=\/wp\/v2\/pages\/2017\/revisions"}],"predecessor-version":[{"id":2119,"href":"https:\/\/voixducorps.com\/index.php?rest_route=\/wp\/v2\/pages\/2017\/revisions\/2119"}],"wp:attachment":[{"href":"https:\/\/voixducorps.com\/index.php?rest_route=%2Fwp%2Fv2%2Fmedia&parent=2017"}],"curies":[{"name":"wp","href":"https:\/\/api.w.org\/{rel}","templated":true}]}}

Atelier La Voix Médecine

<h5 class="wp-block-heading has-text-align-center">Coaching individuel &amp; Expérience collective</h5>



<div style="height:30px" aria-hidden="true" class="wp-block-spacer"></div>


<div class="wp-block-image">
<figure class="aligncenter size-full is-resized"><img data-dominant-color="6d2e2d" data-has-transparency="false" loading="lazy" decoding="async" width="1920" height="1080" sizes="auto, (max-width: 1920px) 100vw, 1920px" src="https://voixducorps.com/wp-content/uploads/2025/11/La-Voix-Medecine-Post-de-Instagram-34-1920-x-1080-px.jpg" alt="" class="wp-image-2051 not-transparent" style="--dominant-color: #6d2e2d; width:723px;height:auto"/></figure>
</div>


<div style="height:30px" aria-hidden="true" class="wp-block-spacer"></div>



<p class="has-text-align-center"><strong>Un moment de ressourcement grâce à la puissance bénéfique de notre voix.</strong></p>



<div style="height:30px" aria-hidden="true" class="wp-block-spacer"></div>



<p><strong>Le samedi 6 décembre de 13h30 à 18h00</strong></p>



<p>L’approche VOIX Médecine dont l’art somatique et subtil ainsi que la connaissance physiologique de la voix proposent un voyage direct pour explorer le potentiel énergétique de la voix ainsi que la dimension thérapeutique.</p>



<p>Un travail de mini-coachings individuels pour débloquer l’entrave de votre liberté vocale ainsi qu’un soutien collectif bienveillant qui ouvre l’espace réparateur de sonner ensemble dans une même vibration.</p>



<div style="height:30px" aria-hidden="true" class="wp-block-spacer"></div>



<p><strong>Ce stage est fait pour vous si :</strong></p>



<p>-Vous souhaitez améliorer votre geste vocale autrement avec l’accompagnement d’une spécialiste dans la technique vocale et fondatrice de La Voix Médecine en France.</p>



<p>-Vous souhaitez découvrir les bienfaits de la voix sur le corps et le système nerveux.</p>



<p>-Vous cherchez un moment pour vous ressourcer et vous reconnecter à vous-même grâce au travail de la vibration.</p>



<p>-Vous cherchez un moment pour être en communauté et chanter ensemble.</p>



<div style="height:30px" aria-hidden="true" class="wp-block-spacer"></div>



<p><strong>Nous allons explorer:</strong></p>



<p>-Un répertoire des chants médecine d’Amérique latine</p>



<p>-Un travail de vibration et contact, le son comme un espace réparateur</p>



<p>-Des techniques vocales pour libérer votre voix authentique</p>



<p>-Dynamiques de cercle, chant improvisé et intuitif pour se broncher à la source créative</p>



<p>La voix et l’expression comme un arme pour lutter contre la tristesse, l’ennui et la manque de sens, car quand on chant les pensées négatifs s’éloignent et une recentrement profond se mets en place.</p>



<p>Cette journée est dédié à un public adulte, ouvert à découvrir sa voix médecine dans une contexte de la voix comme un reflet de notre esprit ou état d’esprit.</p>



<p>Cet atelier se distingue par sa formule riche et équilibrée :<br><br>1. L&rsquo;Énergie du Cercle (Groupe) : Pendant le temps collectif, nous explorerons les bases de la vibration sonore et un travail d’ancrage, nous apprenons un ou deux chants médecine.</p>



<p>Cet atelier se distingue par sa formule riche et équilibrée :<br><br>1. L&rsquo;Énergie du Cercle (Groupe) : Pendant le temps collectif, nous explorerons les bases de la vibration sonore et un travail d’ancrage, nous apprenons un ou deux chants médecine.</p>



<p>Si vous souhaitez me contacter pour savoir si le programme vous conviens faites moi un message par <a href="https://voixducorps.com/?page_id=632">mail</a> ou en commentaires soi avant de vous inscrire ou après pour notifier de votre présence et recevoir un mail avec l’adresse complète du lieu.</p>



<p><strong>Tarif : 60 €</strong></p>


<p><script async
  src="https://js.stripe.com/v3/buy-button.js">
</script></p>
<p><stripe-buy-button
  buy-button-id="buy_btn_1SX3n7G4HmNc0HTpHzVDui67"
  publishable-key="pk_live_51Q8htCG4HmNc0HTpUHGnvynRZRIeMkCVhsVspuuidv5FwpZvoF0LO42YfaMyBUc1DMNfCRs0Kg6pW1Ji1P61Pwrz00k4UQ1Awt"
><br />
</stripe-buy-button></p>



<p class="has-text-align-center">Je vous attends le cœur ouvert et résonnant!</p>



<p class="has-text-align-center">Natalia</p>

<p>Coaching individuel &amp; Expérience collective Un moment de ressourcement grâce à la puissance bénéfique de notre voix. Le samedi 6 décembre de 13h30 à 18h00 L’approche VOIX Médecine dont l’art somatique et subtil ainsi que la connaissance physiologique de la voix proposent un voyage direct pour explorer le potentiel énergétique de la voix ainsi que la dimension thérapeutique. Un travail de mini-coachings individuels pour débloquer l’entrave de votre liberté vocale ainsi qu’un soutien collectif bienveillant qui ouvre l’espace réparateur de sonner ensemble dans une même vibration. Ce stage est fait pour vous si : -Vous souhaitez améliorer votre geste vocale autrement avec l’accompagnement d’une spécialiste dans la technique vocale et fondatrice de La Voix Médecine en France. -Vous souhaitez découvrir les bienfaits de la voix sur le corps et le système nerveux. -Vous cherchez un moment pour vous ressourcer et vous reconnecter à vous-même grâce au travail de la vibration. -Vous cherchez un moment pour être en communauté et chanter ensemble. Nous allons explorer: -Un répertoire des chants médecine d’Amérique latine -Un travail de vibration et contact, le son comme un espace réparateur -Des techniques vocales pour libérer votre voix authentique -Dynamiques de cercle, chant improvisé et intuitif pour se broncher à la source créative La voix et l’expression comme un arme pour lutter contre la tristesse, l’ennui et la manque de sens, car quand on chant les pensées négatifs s’éloignent et une recentrement profond se mets en place. Cette journée est dédié à un public adulte, ouvert à découvrir sa voix médecine dans une contexte de la voix comme un reflet de notre esprit ou état d’esprit. Cet atelier se distingue par sa formule riche et équilibrée : 1. L&rsquo;Énergie du Cercle (Groupe) : Pendant le temps collectif, nous explorerons les bases de la vibration sonore et un travail d’ancrage, nous apprenons un ou deux chants médecine. Cet atelier se distingue par sa formule riche et équilibrée : 1. L&rsquo;Énergie du Cercle (Groupe) : Pendant le temps collectif, nous explorerons les bases de la vibration sonore et un travail d’ancrage, nous apprenons un ou deux chants médecine. Si vous souhaitez me contacter pour savoir si le programme vous conviens faites moi un message par mail ou en commentaires soi avant de vous inscrire ou après pour notifier de votre présence et recevoir un mail avec l’adresse complète du lieu. Tarif : 60 € Je vous attends le cœur ouvert et résonnant! Natalia</p>
