{"id":46,"date":"2024-01-26T23:18:43","date_gmt":"2024-01-26T22:18:43","guid":{"rendered":"https:\/\/voixducorps.com\/?page_id=46"},"modified":"2025-01-11T21:32:08","modified_gmt":"2025-01-11T20:32:08","slug":"stages-et-ateliers","status":"publish","type":"page","link":"https:\/\/voixducorps.com\/?page_id=46","title":{"rendered":"Stages et Retraites"},"content":{"rendered":"\n<div class=\"wp-block-group\"><div class=\"wp-block-group__inner-container is-layout-constrained wp-block-group-is-layout-constrained\">\n<div class=\"wp-block-columns is-layout-flex wp-container-core-columns-is-layout-28f84493 wp-block-columns-is-layout-flex\">\n<div class=\"wp-block-column is-layout-flow wp-block-column-is-layout-flow\" style=\"flex-basis:100%\">\n<figure class=\"wp-block-gallery has-nested-images columns-default is-cropped wp-block-gallery-1 is-layout-flex wp-block-gallery-is-layout-flex\">\n<figure class=\"wp-block-image size-large is-style-default\"><img data-dominant-color=\"948e8d\" data-has-transparency=\"false\" style=\"--dominant-color: #948e8d;\" loading=\"lazy\" decoding=\"async\" width=\"1024\" height=\"680\" sizes=\"auto, (max-width: 1024px) 100vw, 1024px\" data-id=\"49\" src=\"https:\/\/voixducorps.com\/wp-content\/uploads\/2024\/01\/Capture-decran-2019-10-13-a-11.28.31-1024x680.webp\" alt=\"\" class=\"wp-image-49 not-transparent\" srcset=\"https:\/\/voixducorps.com\/wp-content\/uploads\/2024\/01\/Capture-decran-2019-10-13-a-11.28.31-1024x680.webp 1024w, https:\/\/voixducorps.com\/wp-content\/uploads\/2024\/01\/Capture-decran-2019-10-13-a-11.28.31-300x199.webp 300w, https:\/\/voixducorps.com\/wp-content\/uploads\/2024\/01\/Capture-decran-2019-10-13-a-11.28.31-768x510.webp 768w, https:\/\/voixducorps.com\/wp-content\/uploads\/2024\/01\/Capture-decran-2019-10-13-a-11.28.31-1536x1020.webp 1536w, https:\/\/voixducorps.com\/wp-content\/uploads\/2024\/01\/Capture-decran-2019-10-13-a-11.28.31-2048x1360.webp 2048w, https:\/\/voixducorps.com\/wp-content\/uploads\/2024\/01\/Capture-decran-2019-10-13-a-11.28.31-1140x757.webp 1140w\" \/><\/figure>\n\n\n\n<figure class=\"wp-block-image size-large\"><img data-dominant-color=\"9f896f\" data-has-transparency=\"false\" style=\"--dominant-color: #9f896f;\" loading=\"lazy\" decoding=\"async\" width=\"768\" height=\"1024\" sizes=\"auto, (max-width: 768px) 100vw, 768px\" data-id=\"133\" src=\"https:\/\/voixducorps.com\/wp-content\/uploads\/2024\/03\/WhatsApp-Image-2024-03-10-at-16.47.32-768x1024.webp\" alt=\"\" class=\"wp-image-133 not-transparent\" srcset=\"https:\/\/voixducorps.com\/wp-content\/uploads\/2024\/03\/WhatsApp-Image-2024-03-10-at-16.47.32-768x1024.webp 768w, https:\/\/voixducorps.com\/wp-content\/uploads\/2024\/03\/WhatsApp-Image-2024-03-10-at-16.47.32-225x300.webp 225w, https:\/\/voixducorps.com\/wp-content\/uploads\/2024\/03\/WhatsApp-Image-2024-03-10-at-16.47.32-1152x1536.webp 1152w, https:\/\/voixducorps.com\/wp-content\/uploads\/2024\/03\/WhatsApp-Image-2024-03-10-at-16.47.32-1140x1520.webp 1140w, https:\/\/voixducorps.com\/wp-content\/uploads\/2024\/03\/WhatsApp-Image-2024-03-10-at-16.47.32-jpeg.webp 1536w\" \/><\/figure>\n\n\n\n<figure class=\"wp-block-image size-large\"><img data-dominant-color=\"88746e\" data-has-transparency=\"false\" style=\"--dominant-color: #88746e;\" loading=\"lazy\" decoding=\"async\" width=\"1024\" height=\"768\" sizes=\"auto, (max-width: 1024px) 100vw, 1024px\" data-id=\"142\" src=\"https:\/\/voixducorps.com\/wp-content\/uploads\/2024\/03\/WhatsApp-Image-2024-03-10-at-16.48.15-1024x768.webp\" alt=\"\" class=\"wp-image-142 not-transparent\" srcset=\"https:\/\/voixducorps.com\/wp-content\/uploads\/2024\/03\/WhatsApp-Image-2024-03-10-at-16.48.15-1024x768.webp 1024w, https:\/\/voixducorps.com\/wp-content\/uploads\/2024\/03\/WhatsApp-Image-2024-03-10-at-16.48.15-300x225.webp 300w, https:\/\/voixducorps.com\/wp-content\/uploads\/2024\/03\/WhatsApp-Image-2024-03-10-at-16.48.15-768x576.webp 768w, https:\/\/voixducorps.com\/wp-content\/uploads\/2024\/03\/WhatsApp-Image-2024-03-10-at-16.48.15-1536x1152.webp 1536w, https:\/\/voixducorps.com\/wp-content\/uploads\/2024\/03\/WhatsApp-Image-2024-03-10-at-16.48.15-1140x855.webp 1140w, https:\/\/voixducorps.com\/wp-content\/uploads\/2024\/03\/WhatsApp-Image-2024-03-10-at-16.48.15-jpeg.webp 2048w\" \/><\/figure>\n\n\n\n<figure class=\"wp-block-image size-large\"><img data-dominant-color=\"9e8b82\" data-has-transparency=\"false\" style=\"--dominant-color: #9e8b82;\" loading=\"lazy\" decoding=\"async\" width=\"768\" height=\"1024\" sizes=\"auto, (max-width: 768px) 100vw, 768px\" data-id=\"128\" src=\"https:\/\/voixducorps.com\/wp-content\/uploads\/2024\/03\/WhatsApp-Image-2024-03-10-at-16.47.01-768x1024.webp\" alt=\"\" class=\"wp-image-128 not-transparent\" srcset=\"https:\/\/voixducorps.com\/wp-content\/uploads\/2024\/03\/WhatsApp-Image-2024-03-10-at-16.47.01-768x1024.webp 768w, https:\/\/voixducorps.com\/wp-content\/uploads\/2024\/03\/WhatsApp-Image-2024-03-10-at-16.47.01-225x300.webp 225w, https:\/\/voixducorps.com\/wp-content\/uploads\/2024\/03\/WhatsApp-Image-2024-03-10-at-16.47.01-1152x1536.webp 1152w, https:\/\/voixducorps.com\/wp-content\/uploads\/2024\/03\/WhatsApp-Image-2024-03-10-at-16.47.01-1140x1520.webp 1140w, https:\/\/voixducorps.com\/wp-content\/uploads\/2024\/03\/WhatsApp-Image-2024-03-10-at-16.47.01-jpeg.webp 1536w\" \/><\/figure>\n\n\n\n<figure class=\"wp-block-image size-large\"><img data-dominant-color=\"746458\" data-has-transparency=\"false\" style=\"--dominant-color: #746458;\" loading=\"lazy\" decoding=\"async\" width=\"1024\" height=\"683\" sizes=\"auto, (max-width: 1024px) 100vw, 1024px\" data-id=\"50\" src=\"https:\/\/voixducorps.com\/wp-content\/uploads\/2024\/01\/WSF.Mars2019.\u00a9ANAKA-399-1024x683.webp\" alt=\"\" class=\"wp-image-50 not-transparent\" srcset=\"https:\/\/voixducorps.com\/wp-content\/uploads\/2024\/01\/WSF.Mars2019.\u00a9ANAKA-399-1024x683.webp 1024w, https:\/\/voixducorps.com\/wp-content\/uploads\/2024\/01\/WSF.Mars2019.\u00a9ANAKA-399-300x200.webp 300w, https:\/\/voixducorps.com\/wp-content\/uploads\/2024\/01\/WSF.Mars2019.\u00a9ANAKA-399-768x512.webp 768w, https:\/\/voixducorps.com\/wp-content\/uploads\/2024\/01\/WSF.Mars2019.\u00a9ANAKA-399-jpg.webp 1046w\" \/><\/figure>\n<\/figure>\n<\/div>\n<\/div>\n<\/div><\/div>\n\n\n\n<div style=\"height:50px\" aria-hidden=\"true\" class=\"wp-block-spacer\"><\/div>\n\n\n<ul class=\"wp-block-page-list\"><li class=\"wp-block-pages-list__item\"><a class=\"wp-block-pages-list__item__link\" href=\"https:\/\/voixducorps.com\/?page_id=371\">Ancestra<\/a><\/li><li class=\"wp-block-pages-list__item\"><a class=\"wp-block-pages-list__item__link\" href=\"https:\/\/voixducorps.com\/?page_id=2017\">Atelier La Voix M\u00e9decine<\/a><\/li><li class=\"wp-block-pages-list__item\"><a class=\"wp-block-pages-list__item__link\" href=\"https:\/\/voixducorps.com\/?page_id=1754\">Cacao des fleurs<\/a><\/li><li class=\"wp-block-pages-list__item\"><a class=\"wp-block-pages-list__item__link\" href=\"https:\/\/voixducorps.com\/?page_id=171\">Celebra y Canta &#8211; Cercle de chants m\u00e9decine \u00e0 Lyon<\/a><\/li><li class=\"wp-block-pages-list__item\"><a class=\"wp-block-pages-list__item__link\" href=\"https:\/\/voixducorps.com\/?page_id=2358\">C\u00e9l\u00e9bration Yemanj\u00e1<\/a><\/li><li class=\"wp-block-pages-list__item\"><a class=\"wp-block-pages-list__item__link\" href=\"https:\/\/voixducorps.com\/?page_id=1962\">C\u00e9r\u00e9monie Cacao<\/a><\/li><li class=\"wp-block-pages-list__item\"><a class=\"wp-block-pages-list__item__link\" href=\"https:\/\/voixducorps.com\/?page_id=60\">Coaching vocal<\/a><\/li><li class=\"wp-block-pages-list__item\"><a class=\"wp-block-pages-list__item__link\" href=\"https:\/\/voixducorps.com\/?page_id=632\">Contactez moi<\/a><\/li><li class=\"wp-block-pages-list__item\"><a class=\"wp-block-pages-list__item__link\" href=\"https:\/\/voixducorps.com\/?page_id=2040\">Ecstatic Danse<\/a><\/li><li class=\"wp-block-pages-list__item\"><a class=\"wp-block-pages-list__item__link\" href=\"https:\/\/voixducorps.com\/?page_id=581\">Ev\u00e8nements<\/a><\/li><li class=\"wp-block-pages-list__item\"><a class=\"wp-block-pages-list__item__link\" href=\"https:\/\/voixducorps.com\/?page_id=1465\">Force Cr\u00e9ative<\/a><\/li><li class=\"wp-block-pages-list__item\"><a class=\"wp-block-pages-list__item__link\" href=\"https:\/\/voixducorps.com\/?page_id=577\">Formations<\/a><\/li><li class=\"wp-block-pages-list__item\"><a class=\"wp-block-pages-list__item__link\" href=\"https:\/\/voixducorps.com\/?page_id=2429\">La Encantada<\/a><\/li><li class=\"wp-block-pages-list__item\"><a class=\"wp-block-pages-list__item__link\" href=\"https:\/\/voixducorps.com\/?page_id=1846\">La Voix M\u00e9decine<\/a><\/li><li class=\"wp-block-pages-list__item\"><a class=\"wp-block-pages-list__item__link\" href=\"https:\/\/voixducorps.com\/?page_id=1899\">La Voix M\u00e9decine<\/a><\/li><li class=\"wp-block-pages-list__item\"><a class=\"wp-block-pages-list__item__link\" href=\"https:\/\/voixducorps.com\/?page_id=1830\">Mana, Cercle de chant avec la grande m\u00e8re Estelita<\/a><\/li><li class=\"wp-block-pages-list__item\"><a class=\"wp-block-pages-list__item__link\" href=\"https:\/\/voixducorps.com\/?page_id=755\">Natalia Flor &#8211; Luxembourg<\/a><\/li><li class=\"wp-block-pages-list__item menu-item-home\"><a class=\"wp-block-pages-list__item__link\" href=\"https:\/\/voixducorps.com\/\">Natalia Magliano<\/a><\/li><li class=\"wp-block-pages-list__item\"><a class=\"wp-block-pages-list__item__link\" href=\"https:\/\/voixducorps.com\/?page_id=493\">Parlons de la Voix M\u00e9decine<\/a><\/li><li class=\"wp-block-pages-list__item\"><a class=\"wp-block-pages-list__item__link\" href=\"https:\/\/voixducorps.com\/?page_id=2375\">Pr\u00e9sence &#8211; La Voix M\u00e9decine<\/a><\/li><li class=\"wp-block-pages-list__item\"><a class=\"wp-block-pages-list__item__link\" href=\"https:\/\/voixducorps.com\/?page_id=2547\">Pr\u00e9sence Remise 10 \u20ac<\/a><\/li><li class=\"wp-block-pages-list__item\"><a class=\"wp-block-pages-list__item__link\" href=\"https:\/\/voixducorps.com\/?page_id=2502\">Pr\u00e9sence remise 25%<\/a><\/li><li class=\"wp-block-pages-list__item\"><a class=\"wp-block-pages-list__item__link\" href=\"https:\/\/voixducorps.com\/?page_id=1598\">Que Goce la Diosa, exp\u00e9rience musicale f\u00e9minine<\/a><\/li><li class=\"wp-block-pages-list__item\"><a class=\"wp-block-pages-list__item__link\" href=\"https:\/\/voixducorps.com\/?page_id=1394\">Retraite Grand Cercle de Femmes avec la M\u00e9decine de la Voix<\/a><\/li><li class=\"wp-block-pages-list__item\"><a class=\"wp-block-pages-list__item__link\" href=\"https:\/\/voixducorps.com\/?page_id=2111\">Retraite La Voix Jaguar<\/a><\/li><li class=\"wp-block-pages-list__item\"><a class=\"wp-block-pages-list__item__link\" href=\"https:\/\/voixducorps.com\/?page_id=748\">R\u00e9v\u00e9lez la VOIX M\u00c9DECINE du corps<\/a><\/li><li class=\"wp-block-pages-list__item\"><a class=\"wp-block-pages-list__item__link\" href=\"https:\/\/voixducorps.com\/?page_id=984\">Stage &#8211; La Voix M\u00e9decine du corps<\/a><\/li><li class=\"wp-block-pages-list__item\"><a class=\"wp-block-pages-list__item__link\" href=\"https:\/\/voixducorps.com\/?page_id=1147\">Stage Tambour et Fleur<\/a><\/li><li class=\"wp-block-pages-list__item has-child\"><a class=\"wp-block-pages-list__item__link\" href=\"https:\/\/voixducorps.com\/?page_id=46\">Stages et Retraites<\/a><ul class=\"wp-block-navigation__submenu-container\"><li class=\"wp-block-pages-list__item has-child \"><a class=\"wp-block-pages-list__item__link\" href=\"https:\/\/voixducorps.com\/?page_id=392\">\u00c9v\u00e8nements pass\u00e9s<\/a><ul class=\"wp-block-navigation__submenu-container\"><li class=\"wp-block-pages-list__item \"><a class=\"wp-block-pages-list__item__link\" href=\"https:\/\/voixducorps.com\/?page_id=206\">\u00ab Infinita \u00bb Voix et cr\u00e9ativit\u00e9<\/a><\/li><li class=\"wp-block-pages-list__item \"><a class=\"wp-block-pages-list__item__link\" href=\"https:\/\/voixducorps.com\/?page_id=221\">Celebra y canta<\/a><\/li><li class=\"wp-block-pages-list__item \"><a class=\"wp-block-pages-list__item__link\" href=\"https:\/\/voixducorps.com\/?page_id=329\">Cr\u00e9ation de chant m\u00e9decine<\/a><\/li><li class=\"wp-block-pages-list__item \"><a class=\"wp-block-pages-list__item__link\" href=\"https:\/\/voixducorps.com\/?page_id=103\">Formation Canta Divina<\/a><\/li><li class=\"wp-block-pages-list__item \"><a class=\"wp-block-pages-list__item__link\" href=\"https:\/\/voixducorps.com\/?page_id=151\">Voix m\u00e9decine &#8211; Infinita<\/a><\/li><\/ul><\/li><li class=\"wp-block-pages-list__item \"><a class=\"wp-block-pages-list__item__link\" href=\"https:\/\/voixducorps.com\/?page_id=1326\">TAMBOUR ET FLEUR<\/a><\/li><\/ul><\/li><li class=\"wp-block-pages-list__item\"><a class=\"wp-block-pages-list__item__link\" href=\"https:\/\/voixducorps.com\/?page_id=786\">Voyage initiatique au Mexique<\/a><\/li><li class=\"wp-block-pages-list__item\"><a class=\"wp-block-pages-list__item__link\" href=\"https:\/\/voixducorps.com\/?page_id=2144\">Week-end JAGUAR<\/a><\/li><\/ul>\n\n\n<p><\/p>\n","protected":false},"excerpt":{"rendered":"","protected":false},"author":1,"featured_media":0,"parent":0,"menu_order":0,"comment_status":"closed","ping_status":"closed","template":"","meta":{"footnotes":""},"class_list":["post-46","page","type-page","status-publish","hentry"],"_links":{"self":[{"href":"https:\/\/voixducorps.com\/index.php?rest_route=\/wp\/v2\/pages\/46","targetHints":{"allow":["GET"]}}],"collection":[{"href":"https:\/\/voixducorps.com\/index.php?rest_route=\/wp\/v2\/pages"}],"about":[{"href":"https:\/\/voixducorps.com\/index.php?rest_route=\/wp\/v2\/types\/page"}],"author":[{"embeddable":true,"href":"https:\/\/voixducorps.com\/index.php?rest_route=\/wp\/v2\/users\/1"}],"replies":[{"embeddable":true,"href":"https:\/\/voixducorps.com\/index.php?rest_route=%2Fwp%2Fv2%2Fcomments&post=46"}],"version-history":[{"count":14,"href":"https:\/\/voixducorps.com\/index.php?rest_route=\/wp\/v2\/pages\/46\/revisions"}],"predecessor-version":[{"id":528,"href":"https:\/\/voixducorps.com\/index.php?rest_route=\/wp\/v2\/pages\/46\/revisions\/528"}],"wp:attachment":[{"href":"https:\/\/voixducorps.com\/index.php?rest_route=%2Fwp%2Fv2%2Fmedia&parent=46"}],"curies":[{"name":"wp","href":"https:\/\/api.w.org\/{rel}","templated":true}]}}